 = -m - 4*m + 5. What is the units digit of x?
4
Let t = 472 - 214. What is the hundreds digit of t?
2
Let d(w) = 4*w - 20. Let c be (-28)/8*12/(-3). What is the tens digit of d(c)?
3
Let a(l) = -2*l**3 - 2*l**2 - 2. Let f be a(-2). Suppose -p = -f*p + 190. What is the tens digit of p?
3
Let t = -3 - -4. Let x be ((-8)/(-14))/((-5)/(-35)). What is the units digit of x + 7 - (t - -1)?
9
Let t be (-1)/3 - 6/9. Let v(j) = -3*j - 5. Let z(i) = 4*i + 6. Let f(l) = -7*v(l) - 6*z(l). What is the units digit of f(t)?
2
Let q(s) be the first derivative of s**3/3 - s - 4. What is the units digit of q(-2)?
3
Let a = 187 - 112. What is the tens digit of a?
7
Let x(m) = m**2 + 1. Let p be x(2). Suppose -68 = -p*g + 52. What is the tens digit of g?
2
Suppose 0 = 4*y - 2*y + g - 4, -5*y = -4*g - 36. Let v be 4/(-6) + 8/12. Suppose 4*u - 8 = v, 0 = y*l - 3*u - 13 - 9. What is the units digit of l?
7
Let u(n) = n**2 - n + 3. Let l be u(0). Let r be 4 - (9/l + -4). Suppose 39 = r*t + 4. What is the units digit of t?
7
Let s(r) = r**3 - 6*r**2 + 6*r - 3. Let y be s(4). Let f = 0 - y. What is the tens digit of f?
1
Let i(q) be the third derivative of 0 + 0*q - 1/24*q**4 - 2*q**2 - 5/6*q**3. What is the units digit of i(-6)?
1
Suppose -4*b + 2*b = -120. What is the tens digit of b?
6
Let h(q) = q**3 - 2*q**2 - 2*q + 5. What is the tens digit of h(4)?
2
Let k = 21 + -7. What is the units digit of k?
4
Let a(u) = -u**3 + u**2 - 4. Let x be a(-2). Let r = 44 - 30. Let c = r - x. What is the units digit of c?
6
Let i = 162 + -102. Suppose -6*v + i = -v. What is the units digit of ((-4)/v)/(1/(-33))?
1
Suppose -2*x - 2 = 2. Let l(c) = -29*c - 1. Let r be l(x). Suppose -j + 0*j + 3*g = -18, 4*j + 3*g = r. What is the units digit of j?
5
Let b(d) = -2 + 7*d + d + 3. What is the units digit of b(2)?
7
Let o(q) = -q**2 + 5*q - 4. Let n be o(4). Suppose -r - i = -11, n = -3*r + 2*i - 3*i + 39. What is the units digit of r?
4
Suppose -d + 3*g + 189 = g, -2*d = 2*g - 378. What is the tens digit of d?
8
What is the units digit of (-1)/6 - 485/(-30)?
6
Let z(s) = -7*s - 34. What is the units digit of z(-15)?
1
Suppose 11*s = 14*s - 9. What is the units digit of s?
3
Let u = 8 - 10. Let z = 0 - -15. What is the units digit of z + (u + -1)/(-3)?
6
Suppose -32 = -5*f - m - 0*m, 3*f = -3*m + 24. What is the tens digit of (-164)/(-6) + (-2)/f?
2
What is the tens digit of (158/8)/(2/8)?
7
Suppose -78*m - 376 = -82*m. What is the units digit of m?
4
Suppose -32*l - 222 = -35*l. What is the units digit of l?
4
Let q(x) = -x + 6. Suppose -2*y - 2*a = 24, -4*y - 24 = 3*a + 22. What is the units digit of q(y)?
6
Suppose 0 = -3*u + 3, 4*t = u - 4*u + 7. Suppose t = -4*j + 3*j. Let o = 2 - j. What is the units digit of o?
3
Suppose -4*a - 18 = 2*t, -2 = -5*a - 2*t - 22. Let d = 0 - a. Let s = 6 + d. What is the units digit of s?
8
Let k = -97 + 11. Let u = 120 + k. What is the units digit of u?
4
Let m(r) = 4*r**3 - 4*r**2 + 2*r + 2. What is the tens digit of m(2)?
2
Suppose 0 = 2*o + 1 - 9. Suppose 5*x - o*b = 78, 4*x - 2*b - 58 = -b. What is the tens digit of x?
1
Suppose 5*j = -4*d + 218, -4*d = d - 4*j - 252. What is the tens digit of d?
5
Suppose -5*a = -4*h + 194, -6*h = -2*h + 2*a - 208. What is the units digit of h?
1
Suppose w - 7*d - 65 = -4*d, -3*d = 3*w - 171. What is the tens digit of w?
5
Let w = 124 + -11. What is the tens digit of w?
1
Let v = -16 + 36. Suppose -g = -p, 5*p - v = -0*g + g. What is the units digit of (4/5)/(1/g)?
4
Let a be (108/(-2))/(-3) - -2. Suppose 2*b - f + 0 = 12, -2*b + 3*f = -a. What is the units digit of b?
4
Let m be (-4)/(8/(-482)) - -3. What is the units digit of (-4)/(-14) - m/(-28)?
9
Let m be (-4 + 3)*(5 - -1). What is the tens digit of (-1 - m) + -2 + 20?
2
Let u be ((-4)/10)/(4/(-820)). Suppose -2*o = 0, o - u = -5*w + 43. What is the tens digit of w?
2
Let n = 77 + 58. What is the hundreds digit of n?
1
Let l be (-143)/(-2) + 2/4. Let p be 6/(-24) + 2/8. Suppose 3*c + c - l = p. What is the tens digit of c?
1
Let y(m) = m**3 - 15*m**2 + 13*m + 20. What is the units digit of y(14)?
6
Let r be -2*(2/4 + -1). Let x(s) = s**2 + 4*s + 2. Let z be x(-3). What is the units digit of (r - z) + 0 + 6?
8
Let c be 7 + -3 + -7 + 2. What is the units digit of (1 + -12 - 4)*c?
5
Suppose -19*z - 90 = -28*z. What is the units digit of z?
0
Suppose -2*d = -4*b + 94, -b = -4*d + 3*d - 26. What is the units digit of b?
1
Let t(c) = 3*c**2 + 2*c + 4. What is the units digit of t(5)?
9
Let i be (-2 + 2*6)/2. Let r = 8 - i. What is the units digit of 1 + r/(6/16)?
9
What is the tens digit of ((-58)/4)/(6/(-48))?
1
Let y(t) = -11*t - 13. Let f(s) = -6*s - 6. Let a(h) = 13*f(h) - 6*y(h). Let l(j) = 133*j. Let x(k) = 56*a(k) + 5*l(k). What is the units digit of x(-1)?
7
Suppose -4*v + 1216 = -0*v. What is the tens digit of v?
0
Suppose 0 = 3*d - 6*d + 24. Suppose h + d = 5*h. What is the units digit of h?
2
Let j(u) = -3*u - 11. What is the units digit of j(-4)?
1
Let u = 90 + -77. What is the units digit of u?
3
Suppose -6*w + 4*w - 2 = 0. Let n be w + 1 - (-2 + 0). Suppose 13 = 3*z + 3*x - n, -5*z + 11 = -2*x. What is the units digit of z?
3
What is the tens digit of 5 + -7 - (-11 + -1)?
1
Let b be (-1 + -5)*(-1 + 4). Let k = -15 + 7. What is the units digit of (-1)/4 + b/k?
2
Let y = -46 + 68. Suppose a - 4 = -2*r - y, 3*a = r + 16. What is the units digit of r/5*(-13)/2?
3
Suppose 0 = -4*n + 20, 0*n = -5*z + 3*n + 30. Let v be ((-4)/2)/(6/z). What is the tens digit of 14 - -4*v/(-6)?
1
Suppose -9*w = -28 - 62. What is the units digit of w?
0
What is the hundreds digit of 15/6*(-38)/10*-28?
2
Let c be -1 + 1 + 0 + 0. Let o = 4 + c. Suppose -y + o*p = -12, -2*y + 4*y - 3*p - 14 = 0. What is the units digit of y?
4
What is the tens digit of (1 - (-14)/(-21)) + 256/6?
4
Let z(f) = -f**3 + 10*f**2 - 10*f + 13. Let v be z(9). Suppose 5*k + m = -m + 22, 2*k = -2*m + v. What is the units digit of k?
6
Let y = 2 + 0. Suppose 7 = y*l + 3*a, 27 - 7 = 4*l + 4*a. What is the units digit of l?
8
Suppose -4*g = -3 - 1. Suppose 2*v = 3*b - 51, 8 = -3*v - g. Let p = -11 + b. What is the units digit of p?
4
What is the tens digit of (-84 - 0)*2/(-6)?
2
Let r be (-30)/((1 - 2) + -1). Let j = r - 12. What is the units digit of j?
3
Suppose 2*j - 12 = 6*j. Let g(l) = 3*l + 4. Let q(v) = 1. Let i(y) = -g(y) + 2*q(y). What is the units digit of i(j)?
7
Suppose 0 = 3*j - 4*z - 653 - 667, 5*j + 4*z - 2232 = 0. What is the hundreds digit of j?
4
Let b be 1 - (-2 + 3) - 0. Suppose 3*o = 2*g - g + 100, b = -o - 3*g + 30. What is the units digit of o?
3
Let g = 1 - 17. Let s = -6 - g. What is the units digit of s?
0
Let d be 4*(-1 + 33/6). Suppose 0 = -0*x - x + d. What is the tens digit of x?
1
Let z(a) = 3*a**2 - 3. What is the tens digit of z(4)?
4
Suppose -3*x + z = -13, -2*z + 2 = -2. Suppose 0 = 4*s + 2*c - 86, 2*s = x*s + c - 64. Suppose -5*k + 2*k = -s. What is the units digit of k?
7
Suppose -3*k = -2*x + 6, 5*k + x + 3 = 2*x. What is the tens digit of ((3 - 2) + k)*13?
1
Suppose -2*k + 5*k - 2*w - 413 = 0, -4*w + 425 = 3*k. What is the tens digit of k?
3
Let y(o) be the second derivative of 3*o**5/4 + o**3/6 + 3*o. Let u be y(1). Let q = 25 - u. What is the units digit of q?
9
Suppose 0 = 6*m - 11*m + 640. What is the tens digit of m?
2
What is the units digit of (-4)/(-10) - 2906/(-10)?
1
Suppose 10 = -5*w, -5*d = -0*d + 4*w - 1617. What is the units digit of d?
5
Let d(n) = n**2 - n**2 + 0*n**2 + 4*n**2. What is the units digit of d(-1)?
4
Let s = 6 + -15. Let z be (0 - 5) + (-1 - 0). Let m = z - s. What is the units digit of m?
3
Let h(j) = -2*j - 9. Let i be (-2)/(-5)*2*-10. What is the units digit of h(i)?
7
Let c(q) = q - 13. Let o be c(14). Let f = 4 + o. What is the units digit of f?
5
Suppose -6*k - 417 = -3*k - 3*c, 127 = -k - 5*c. Let q = k - -257. What is the units digit of q/21 - 2/(-7)?
6
Suppose 4*r - s = 12, 2*r + s = 1 + 5. Suppose -3*u - 7 + 2 = t, -r*u = 9. What is the units digit of t?
4
Suppose -2*w + 69 = 5*j, 7*j - 2*j + 27 = w. Let y = w + -7. What is the units digit of y?
5
Let g(y) = -y**3 - 14*y**2 + 13*y + 5. What is the units digit of g(-15)?
5
Let b(g) = g**2 - 8*g + 9. Let h be b(6). Let p be 2 + -6 + 1 + 6. What is the units digit of 23/p + (-1